{"id":5017,"date":"2024-05-28T15:13:14","date_gmt":"2024-05-28T13:13:14","guid":{"rendered":"https:\/\/transparencia.bizkeliza.org\/ekonomia-gaietarako-batzordea\/"},"modified":"2024-05-28T15:13:14","modified_gmt":"2024-05-28T13:13:14","slug":"ekonomia-gaietarako-batzordea","status":"publish","type":"page","link":"https:\/\/transparencia.bizkeliza.org\/eu\/ekonomia-gaietarako-batzordea\/","title":{"rendered":"Ekonomia gaietarako batzordea"},"content":{"rendered":"<p>[et_pb_section fb_built=&#8221;1&#8243; _builder_version=&#8221;4.24.3&#8243; _module_preset=&#8221;default&#8221; custom_padding=&#8221;0px|||||&#8221; global_colors_info=&#8221;{}&#8221;][et_pb_row use_custom_gutter=&#8221;on&#8221; _builder_version=&#8221;4.24.3&#8243; _module_preset=&#8221;default&#8221; width=&#8221;95%&#8221; max_width=&#8221;90%&#8221; global_colors_info=&#8221;{}&#8221;][et_pb_column type=&#8221;4_4&#8243; _builder_version=&#8221;4.24.3&#8243; _module_preset=&#8221;default&#8221; global_colors_info=&#8221;{}&#8221;][et_pb_heading title=<br \/>Ekonomia gaietarako batzordea&#8221; _builder_version=&#8221;4.24.3&#8243; _module_preset=&#8221;default&#8221; title_font=&#8221;Actor|700|||||||&#8221; global_colors_info=&#8221;{}&#8221;][\/et_pb_heading][\/et_pb_column][\/et_pb_row][et_pb_row use_custom_gutter=&#8221;on&#8221; _builder_version=&#8221;4.24.3&#8243; _module_preset=&#8221;default&#8221; width=&#8221;75%&#8221; max_width=&#8221;90%&#8221; global_colors_info=&#8221;{}&#8221;][et_pb_column type=&#8221;4_4&#8243; _builder_version=&#8221;4.24.3&#8243; _module_preset=&#8221;default&#8221; global_colors_info=&#8221;{}&#8221;][et_pb_text _builder_version=&#8221;4.24.3&#8243; _module_preset=&#8221;default&#8221; global_colors_info=&#8221;{}&#8221;]<\/p>\n<p class=\"et_pb_toggle_title\"><span style=\"font-size: 16px;\">Se crea en 1987 y sustituye al anterior Consejo de Administraci\u00f3n. Se rige por el derecho can\u00f3nico y en particular por los estatutos aprobados en\u00a0 1987, as\u00ed como por lo dispuesto en el art\u00edculo 47 del Estatuto de la Curia de la Di\u00f3cesis de Bilbao, que lo encuadra dentro de la Administraci\u00f3n Diocesana. Est\u00e1 \u00a0presidido por el Obispo o por su Delegado y est\u00e1 compuesto por expertos en materia de econom\u00eda y de derecho civil<\/span><\/p>\n<p>[\/et_pb_text][\/et_pb_column][\/et_pb_row][et_pb_row column_structure=&#8221;1_3,1_3,1_3&#8243; use_custom_gutter=&#8221;on&#8221; _builder_version=&#8221;4.24.3&#8243; _module_preset=&#8221;default&#8221; max_width=&#8221;70%&#8221; global_colors_info=&#8221;{}&#8221;][et_pb_column type=&#8221;1_3&#8243; _builder_version=&#8221;4.24.3&#8243; _module_preset=&#8221;default&#8221; global_colors_info=&#8221;{}&#8221;][et_pb_button button_url=&#8221;https:\/\/diocesisdebilbao-my.sharepoint.com\/:b:\/g\/personal\/webbizkeliza_bizkeliza_org\/ESr5b-5pzaVJhFVHwS44ukMBu0fK2JdXnvQ07rYlayEXgw?e=9kjBlx&#8221; url_new_window=&#8221;on&#8221; button_text=&#8221;Decreto de constituci\u00f3n Consejo Asuntos Econ\u00f3micos&#8221; _builder_version=&#8221;4.24.3&#8243; _module_preset=&#8221;2e0bd9df-9a65-4002-9bb5-6e6ac2c7bd90&#8243; global_colors_info=&#8221;{}&#8221;][\/et_pb_button][\/et_pb_column][et_pb_column type=&#8221;1_3&#8243; _builder_version=&#8221;4.24.3&#8243; _module_preset=&#8221;default&#8221; global_colors_info=&#8221;{}&#8221;][et_pb_button button_url=&#8221;https:\/\/diocesisdebilbao-my.sharepoint.com\/:b:\/g\/personal\/webbizkeliza_bizkeliza_org\/EXYBDkfCjR9JhiPHZ5eSYHQBr4ifj17yp2XZ5ExFbHiPpA?e=jFUcr9&#8243; url_new_window=&#8221;on&#8221; button_text=&#8221;Estatutos del Consejo de Asuntos Econ\u00f3micos&#8221; _builder_version=&#8221;4.24.3&#8243; _module_preset=&#8221;2e0bd9df-9a65-4002-9bb5-6e6ac2c7bd90&#8243; global_colors_info=&#8221;{}&#8221;][\/et_pb_button][\/et_pb_column][et_pb_column type=&#8221;1_3&#8243; _builder_version=&#8221;4.24.3&#8243; _module_preset=&#8221;default&#8221; global_colors_info=&#8221;{}&#8221;][et_pb_button button_url=&#8221;https:\/\/transparencia.bizkeliza.org\/curriculum-de-las-personas-que-componen-el-consejo-de-asuntos-economicos\/&#8221; button_text=&#8221;Ekonomia Gaietarako Kontseiluko kideak&#8221; _builder_version=&#8221;4.25.0&#8243; _module_preset=&#8221;2e0bd9df-9a65-4002-9bb5-6e6ac2c7bd90&#8243; hover_enabled=&#8221;0&#8243; global_colors_info=&#8221;{}&#8221; sticky_enabled=&#8221;0&#8243;][\/et_pb_button][\/et_pb_column][\/et_pb_row][\/et_pb_section]<\/p>\n","protected":false},"excerpt":{"rendered":"<p>Se crea en 1987 y sustituye al anterior Consejo de Administraci\u00f3n. Se rige por el derecho can\u00f3nico y en particular por los estatutos aprobados en\u00a0 1987, as\u00ed como por lo dispuesto en el art\u00edculo 47 del Estatuto de la Curia de la Di\u00f3cesis de Bilbao, que lo encuadra dentro de la Administraci\u00f3n Diocesana. Est\u00e1 \u00a0presidido [&hellip;]<\/p>\n","protected":false},"author":1,"featured_media":0,"parent":0,"menu_order":0,"comment_status":"closed","ping_status":"closed","template":"","meta":{"_acf_changed":false,"_et_pb_use_builder":"on","_et_pb_old_content":"","_et_gb_content_width":"","footnotes":""},"class_list":["post-5017","page","type-page","status-publish","hentry"],"acf":[],"yoast_head":"<!-- This site is optimized with the Yoast SEO plugin v27.4 - https:\/\/yoast.com\/product\/yoast-seo-wordpress\/ -->\n<title>Ekonomia gaietarako batzordea - Portal Transparencia Obispado de Bilbao<\/title>\n<meta name=\"robots\" content=\"index, follow, max-snippet:-1, max-image-preview:large, max-video-preview:-1\" \/>\n<link rel=\"canonical\" href=\"https:\/\/transparencia.bizkeliza.org\/ekonomia-gaietarako-batzordea\/\" \/>\n<meta property=\"og:locale\" content=\"eu_ES\" \/>\n<meta property=\"og:type\" content=\"article\" \/>\n<meta property=\"og:title\" content=\"Ekonomia gaietarako batzordea - Portal Transparencia Obispado de Bilbao\" \/>\n<meta property=\"og:description\" content=\"Se crea en 1987 y sustituye al anterior Consejo de Administraci\u00f3n. Se rige por el derecho can\u00f3nico y en particular por los estatutos aprobados en\u00a0 1987, as\u00ed como por lo dispuesto en el art\u00edculo 47 del Estatuto de la Curia de la Di\u00f3cesis de Bilbao, que lo encuadra dentro de la Administraci\u00f3n Diocesana. Est\u00e1 \u00a0presidido [&hellip;]\" \/>\n<meta property=\"og:url\" content=\"https:\/\/transparencia.bizkeliza.org\/ekonomia-gaietarako-batzordea\/\" \/>\n<meta property=\"og:site_name\" content=\"Portal Transparencia Obispado de Bilbao\" \/>\n<meta name=\"twitter:card\" content=\"summary_large_image\" \/>\n<meta name=\"twitter:label1\" content=\"Est. reading time\" \/>\n\t<meta name=\"twitter:data1\" content=\"2 minutes\" \/>\n<script type=\"application\/ld+json\" class=\"yoast-schema-graph\">{\"@context\":\"https:\\\/\\\/schema.org\",\"@graph\":[{\"@type\":\"WebPage\",\"@id\":\"https:\\\/\\\/transparencia.bizkeliza.org\\\/ekonomia-gaietarako-batzordea\\\/\",\"url\":\"https:\\\/\\\/transparencia.bizkeliza.org\\\/ekonomia-gaietarako-batzordea\\\/\",\"name\":\"Ekonomia gaietarako batzordea - Portal Transparencia Obispado de Bilbao\",\"isPartOf\":{\"@id\":\"https:\\\/\\\/transparencia.bizkeliza.org\\\/#website\"},\"datePublished\":\"2024-05-28T13:13:14+00:00\",\"breadcrumb\":{\"@id\":\"https:\\\/\\\/transparencia.bizkeliza.org\\\/ekonomia-gaietarako-batzordea\\\/#breadcrumb\"},\"inLanguage\":\"eu-ES\",\"potentialAction\":[{\"@type\":\"ReadAction\",\"target\":[\"https:\\\/\\\/transparencia.bizkeliza.org\\\/ekonomia-gaietarako-batzordea\\\/\"]}]},{\"@type\":\"BreadcrumbList\",\"@id\":\"https:\\\/\\\/transparencia.bizkeliza.org\\\/ekonomia-gaietarako-batzordea\\\/#breadcrumb\",\"itemListElement\":[{\"@type\":\"ListItem\",\"position\":1,\"name\":\"Portada\",\"item\":\"https:\\\/\\\/transparencia.bizkeliza.org\\\/\"},{\"@type\":\"ListItem\",\"position\":2,\"name\":\"Ekonomia gaietarako batzordea\"}]},{\"@type\":\"WebSite\",\"@id\":\"https:\\\/\\\/transparencia.bizkeliza.org\\\/#website\",\"url\":\"https:\\\/\\\/transparencia.bizkeliza.org\\\/\",\"name\":\"Portal Transparencia Obispado de Bilbao\",\"description\":\"Portal de transparencia del Obispado de Bilbao\",\"potentialAction\":[{\"@type\":\"SearchAction\",\"target\":{\"@type\":\"EntryPoint\",\"urlTemplate\":\"https:\\\/\\\/transparencia.bizkeliza.org\\\/?s={search_term_string}\"},\"query-input\":{\"@type\":\"PropertyValueSpecification\",\"valueRequired\":true,\"valueName\":\"search_term_string\"}}],\"inLanguage\":\"eu-ES\"}]}<\/script>\n<!-- \/ Yoast SEO plugin. -->","yoast_head_json":{"title":"Ekonomia gaietarako batzordea - Portal Transparencia Obispado de Bilbao","robots":{"index":"index","follow":"follow","max-snippet":"max-snippet:-1","max-image-preview":"max-image-preview:large","max-video-preview":"max-video-preview:-1"},"canonical":"https:\/\/transparencia.bizkeliza.org\/ekonomia-gaietarako-batzordea\/","og_locale":"eu_ES","og_type":"article","og_title":"Ekonomia gaietarako batzordea - Portal Transparencia Obispado de Bilbao","og_description":"Se crea en 1987 y sustituye al anterior Consejo de Administraci\u00f3n. Se rige por el derecho can\u00f3nico y en particular por los estatutos aprobados en\u00a0 1987, as\u00ed como por lo dispuesto en el art\u00edculo 47 del Estatuto de la Curia de la Di\u00f3cesis de Bilbao, que lo encuadra dentro de la Administraci\u00f3n Diocesana. Est\u00e1 \u00a0presidido [&hellip;]","og_url":"https:\/\/transparencia.bizkeliza.org\/ekonomia-gaietarako-batzordea\/","og_site_name":"Portal Transparencia Obispado de Bilbao","twitter_card":"summary_large_image","twitter_misc":{"Est. reading time":"2 minutes"},"schema":{"@context":"https:\/\/schema.org","@graph":[{"@type":"WebPage","@id":"https:\/\/transparencia.bizkeliza.org\/ekonomia-gaietarako-batzordea\/","url":"https:\/\/transparencia.bizkeliza.org\/ekonomia-gaietarako-batzordea\/","name":"Ekonomia gaietarako batzordea - Portal Transparencia Obispado de Bilbao","isPartOf":{"@id":"https:\/\/transparencia.bizkeliza.org\/#website"},"datePublished":"2024-05-28T13:13:14+00:00","breadcrumb":{"@id":"https:\/\/transparencia.bizkeliza.org\/ekonomia-gaietarako-batzordea\/#breadcrumb"},"inLanguage":"eu-ES","potentialAction":[{"@type":"ReadAction","target":["https:\/\/transparencia.bizkeliza.org\/ekonomia-gaietarako-batzordea\/"]}]},{"@type":"BreadcrumbList","@id":"https:\/\/transparencia.bizkeliza.org\/ekonomia-gaietarako-batzordea\/#breadcrumb","itemListElement":[{"@type":"ListItem","position":1,"name":"Portada","item":"https:\/\/transparencia.bizkeliza.org\/"},{"@type":"ListItem","position":2,"name":"Ekonomia gaietarako batzordea"}]},{"@type":"WebSite","@id":"https:\/\/transparencia.bizkeliza.org\/#website","url":"https:\/\/transparencia.bizkeliza.org\/","name":"Portal Transparencia Obispado de Bilbao","description":"Portal de transparencia del Obispado de Bilbao","potentialAction":[{"@type":"SearchAction","target":{"@type":"EntryPoint","urlTemplate":"https:\/\/transparencia.bizkeliza.org\/?s={search_term_string}"},"query-input":{"@type":"PropertyValueSpecification","valueRequired":true,"valueName":"search_term_string"}}],"inLanguage":"eu-ES"}]}},"_links":{"self":[{"href":"https:\/\/transparencia.bizkeliza.org\/eu\/wp-json\/wp\/v2\/pages\/5017","targetHints":{"allow":["GET"]}}],"collection":[{"href":"https:\/\/transparencia.bizkeliza.org\/eu\/wp-json\/wp\/v2\/pages"}],"about":[{"href":"https:\/\/transparencia.bizkeliza.org\/eu\/wp-json\/wp\/v2\/types\/page"}],"author":[{"embeddable":true,"href":"https:\/\/transparencia.bizkeliza.org\/eu\/wp-json\/wp\/v2\/users\/1"}],"replies":[{"embeddable":true,"href":"https:\/\/transparencia.bizkeliza.org\/eu\/wp-json\/wp\/v2\/comments?post=5017"}],"version-history":[{"count":0,"href":"https:\/\/transparencia.bizkeliza.org\/eu\/wp-json\/wp\/v2\/pages\/5017\/revisions"}],"wp:attachment":[{"href":"https:\/\/transparencia.bizkeliza.org\/eu\/wp-json\/wp\/v2\/media?parent=5017"}],"curies":[{"name":"wp","href":"https:\/\/api.w.org\/{rel}","templated":true}]}}

<p>[et_pb_section fb_built=&#8221;1&#8243; _builder_version=&#8221;4.24.3&#8243; _module_preset=&#8221;default&#8221; custom_padding=&#8221;0px|||||&#8221; global_colors_info=&#8221;{}&#8221;][et_pb_row use_custom_gutter=&#8221;on&#8221; _builder_version=&#8221;4.24.3&#8243; _module_preset=&#8221;default&#8221; width=&#8221;95%&#8221; max_width=&#8221;90%&#8221; global_colors_info=&#8221;{}&#8221;][et_pb_column type=&#8221;4_4&#8243; _builder_version=&#8221;4.24.3&#8243; _module_preset=&#8221;default&#8221; global_colors_info=&#8221;{}&#8221;][et_pb_heading title=<br />Ekonomia gaietarako batzordea&#8221; _builder_version=&#8221;4.24.3&#8243; _module_preset=&#8221;default&#8221; title_font=&#8221;Actor|700|||||||&#8221; global_colors_info=&#8221;{}&#8221;][/et_pb_heading][/et_pb_column][/et_pb_row][et_pb_row use_custom_gutter=&#8221;on&#8221; _builder_version=&#8221;4.24.3&#8243; _module_preset=&#8221;default&#8221; width=&#8221;75%&#8221; max_width=&#8221;90%&#8221; global_colors_info=&#8221;{}&#8221;][et_pb_column type=&#8221;4_4&#8243; _builder_version=&#8221;4.24.3&#8243; _module_preset=&#8221;default&#8221; global_colors_info=&#8221;{}&#8221;][et_pb_text _builder_version=&#8221;4.24.3&#8243; _module_preset=&#8221;default&#8221; global_colors_info=&#8221;{}&#8221;]</p>
<p class="et_pb_toggle_title"><span style="font-size: 16px;">Se crea en 1987 y sustituye al anterior Consejo de Administración. Se rige por el derecho canónico y en particular por los estatutos aprobados en  1987, así como por lo dispuesto en el artículo 47 del Estatuto de la Curia de la Diócesis de Bilbao, que lo encuadra dentro de la Administración Diocesana. Está  presidido por el Obispo o por su Delegado y está compuesto por expertos en materia de economía y de derecho civil</span></p>
<p>[/et_pb_text][/et_pb_column][/et_pb_row][et_pb_row column_structure=&#8221;1_3,1_3,1_3&#8243; use_custom_gutter=&#8221;on&#8221; _builder_version=&#8221;4.24.3&#8243; _module_preset=&#8221;default&#8221; max_width=&#8221;70%&#8221; global_colors_info=&#8221;{}&#8221;][et_pb_column type=&#8221;1_3&#8243; _builder_version=&#8221;4.24.3&#8243; _module_preset=&#8221;default&#8221; global_colors_info=&#8221;{}&#8221;][et_pb_button button_url=&#8221;https://diocesisdebilbao-my.sharepoint.com/:b:/g/personal/webbizkeliza_bizkeliza_org/ESr5b-5pzaVJhFVHwS44ukMBu0fK2JdXnvQ07rYlayEXgw?e=9kjBlx&#8221; url_new_window=&#8221;on&#8221; button_text=&#8221;Decreto de constitución Consejo Asuntos Económicos&#8221; _builder_version=&#8221;4.24.3&#8243; _module_preset=&#8221;2e0bd9df-9a65-4002-9bb5-6e6ac2c7bd90&#8243; global_colors_info=&#8221;{}&#8221;][/et_pb_button][/et_pb_column][et_pb_column type=&#8221;1_3&#8243; _builder_version=&#8221;4.24.3&#8243; _module_preset=&#8221;default&#8221; global_colors_info=&#8221;{}&#8221;][et_pb_button button_url=&#8221;https://diocesisdebilbao-my.sharepoint.com/:b:/g/personal/webbizkeliza_bizkeliza_org/EXYBDkfCjR9JhiPHZ5eSYHQBr4ifj17yp2XZ5ExFbHiPpA?e=jFUcr9&#8243; url_new_window=&#8221;on&#8221; button_text=&#8221;Estatutos del Consejo de Asuntos Económicos&#8221; _builder_version=&#8221;4.24.3&#8243; _module_preset=&#8221;2e0bd9df-9a65-4002-9bb5-6e6ac2c7bd90&#8243; global_colors_info=&#8221;{}&#8221;][/et_pb_button][/et_pb_column][et_pb_column type=&#8221;1_3&#8243; _builder_version=&#8221;4.24.3&#8243; _module_preset=&#8221;default&#8221; global_colors_info=&#8221;{}&#8221;][et_pb_button button_url=&#8221;https://transparencia.bizkeliza.org/curriculum-de-las-personas-que-componen-el-consejo-de-asuntos-economicos/&#8221; button_text=&#8221;Ekonomia Gaietarako Kontseiluko kideak&#8221; _builder_version=&#8221;4.25.0&#8243; _module_preset=&#8221;2e0bd9df-9a65-4002-9bb5-6e6ac2c7bd90&#8243; hover_enabled=&#8221;0&#8243; global_colors_info=&#8221;{}&#8221; sticky_enabled=&#8221;0&#8243;][/et_pb_button][/et_pb_column][/et_pb_row][/et_pb_section]</p>

<p>Se crea en 1987 y sustituye al anterior Consejo de Administración. Se rige por el derecho canónico y en particular por los estatutos aprobados en  1987, así como por lo dispuesto en el artículo 47 del Estatuto de la Curia de la Diócesis de Bilbao, que lo encuadra dentro de la Administración Diocesana. Está  presidido [&hellip;]</p>

<!-- This site is optimized with the Yoast SEO plugin v27.4 - https://yoast.com/product/yoast-seo-wordpress/ -->
<title>Ekonomia gaietarako batzordea - Portal Transparencia Obispado de Bilbao</title>
<meta name="robots" content="index, follow, max-snippet:-1, max-image-preview:large, max-video-preview:-1" />
<link rel="canonical" href="https://transparencia.bizkeliza.org/ekonomia-gaietarako-batzordea/" />
<meta property="og:locale" content="eu_ES" />
<meta property="og:type" content="article" />
<meta property="og:title" content="Ekonomia gaietarako batzordea - Portal Transparencia Obispado de Bilbao" />
<meta property="og:description" content="Se crea en 1987 y sustituye al anterior Consejo de Administración. Se rige por el derecho canónico y en particular por los estatutos aprobados en  1987, así como por lo dispuesto en el artículo 47 del Estatuto de la Curia de la Diócesis de Bilbao, que lo encuadra dentro de la Administración Diocesana. Está  presidido [&hellip;]" />
<meta property="og:url" content="https://transparencia.bizkeliza.org/ekonomia-gaietarako-batzordea/" />
<meta property="og:site_name" content="Portal Transparencia Obispado de Bilbao" />
<meta name="twitter:card" content="summary_large_image" />
<meta name="twitter:label1" content="Est. reading time" />
	<meta name="twitter:data1" content="2 minutes" />
<script type="application/ld+json" class="yoast-schema-graph">{"@context":"https:\/\/schema.org","@graph":[{"@type":"WebPage","@id":"https:\/\/transparencia.bizkeliza.org\/ekonomia-gaietarako-batzordea\/","url":"https:\/\/transparencia.bizkeliza.org\/ekonomia-gaietarako-batzordea\/","name":"Ekonomia gaietarako batzordea - Portal Transparencia Obispado de Bilbao","isPartOf":{"@id":"https:\/\/transparencia.bizkeliza.org\/#website"},"datePublished":"2024-05-28T13:13:14+00:00","breadcrumb":{"@id":"https:\/\/transparencia.bizkeliza.org\/ekonomia-gaietarako-batzordea\/#breadcrumb"},"inLanguage":"eu-ES","potentialAction":[{"@type":"ReadAction","target":["https:\/\/transparencia.bizkeliza.org\/ekonomia-gaietarako-batzordea\/"]}]},{"@type":"BreadcrumbList","@id":"https:\/\/transparencia.bizkeliza.org\/ekonomia-gaietarako-batzordea\/#breadcrumb","itemListElement":[{"@type":"ListItem","position":1,"name":"Portada","item":"https:\/\/transparencia.bizkeliza.org\/"},{"@type":"ListItem","position":2,"name":"Ekonomia gaietarako batzordea"}]},{"@type":"WebSite","@id":"https:\/\/transparencia.bizkeliza.org\/#website","url":"https:\/\/transparencia.bizkeliza.org\/","name":"Portal Transparencia Obispado de Bilbao","description":"Portal de transparencia del Obispado de Bilbao","potentialAction":[{"@type":"SearchAction","target":{"@type":"EntryPoint","urlTemplate":"https:\/\/transparencia.bizkeliza.org\/?s={search_term_string}"},"query-input":{"@type":"PropertyValueSpecification","valueRequired":true,"valueName":"search_term_string"}}],"inLanguage":"eu-ES"}]}</script>
<!-- / Yoast SEO plugin. -->

Se crea en 1987 y sustituye al anterior Consejo de Administración. Se rige por el derecho canónico y en particular por los estatutos aprobados en  1987, así como por lo dispuesto en el artículo 47 del Estatuto de la Curia de la Diócesis de Bilbao, que lo encuadra dentro de la Administración Diocesana. Está  presidido [&hellip;]
